= 7663 + -4726. List the prime factors of c.
3, 11, 89
Let n(m) be the second derivative of m**5/20 + 5*m**4/12 - 3*m**3/2 + m**2/2 + 11*m. What are the prime factors of n(-6)?
19
Let q = 6 - 72. Let v = q + 78. List the prime factors of v.
2, 3
List the prime factors of 179*-5*(-4)/20.
179
Let c(i) = 102*i**2 - 4*i + 4. Let p be c(2). Let d = p - 267. What are the prime factors of d?
137
Let w = 13 + -11. Suppose w*b + 5 = 39. What are the prime factors of b?
17
Suppose -2*p + 3*u = -1286, -9*u + 7*u - 4 = 0. What are the prime factors of p?
2, 5
Let v(g) = -g**2 + 5*g + 1. Let n be v(3). Let w(d) = d**2 - 3*d + 3. What are the prime factors of w(n)?
31
Let p(w) = 0*w + 1 + 6*w - 5*w. Let c be p(5). Suppose v - c = -5*t + 7, 2*v + 2*t = 58. List the prime factors of v.
3, 11
Let f(t) = 25*t - 2. Let c = 11 + 1. Suppose 0 = -3*w - k + c, 0*w - 5*k = 3*w - 24. What are the prime factors of f(w)?
73
Let q(w) = -30*w**2 - 5*w + 18. Let t be q(3). List the prime factors of t/(-21) + 1*(-2)/(-7).
13
Suppose 4*k - 41 = -b, 6*k = -2*b + 2*k + 74. What are the prime factors of b?
3, 11
Let n(b) = -5 - 9*b + 7*b + 5*b + 16*b**2 + 4. List the prime factors of n(2).
3, 23
Let l(h) = 67*h**2 - 4*h + 13. What are the prime factors of l(-5)?
2, 7, 61
Let k be 5/(13/12 - 1). Suppose 0 = 9*t - 11*t + k. What are the prime factors of t?
2, 3, 5
Suppose -5*z - 118 - 115 = -3*s, 8 = 4*z. Let g = 1 + 2. Suppose 32 = 4*m + 5*j, -g*j - j = -5*m + s. List the prime factors of m.
13
Let c be ((-1)/5)/(13/(-130)). Suppose t = 3*t + l - 31, 3*t + c*l = 49. What are the prime factors of t?
13
Let r(y) = 14*y**2 + 9*y + 7. Let u = 1 + -4. What are the prime factors of r(u)?
2, 53
Let g = -41 + 77. Suppose 2*c + g = -2*c. Let m = c - -30. What are the prime factors of m?
3, 7
Suppose -j = 46*j - 176814. What are the prime factors of j?
2, 3, 11, 19
Let s(d) be the second derivative of 4*d**3 - 5*d**2 - 11*d. List the prime factors of s(3).
2, 31
Suppose -1402 = -11*c + 798. List the prime factors of c.
2, 5
What are the prime factors of (-2)/(-9) + 314076/189?
2, 3, 277
Let s(v) = v**3 - 4*v**2 - 2*v + 7. Let z(t) = 2*t**2 - t - 1. Let f be z(2). What are the prime factors of s(f)?
2, 11
Let a(l) = 5*l**2 + 3*l - 4. Let c be a(-8). Suppose 3*o - 4*o = 5*n - c, -4*o - 108 = -2*n. List the prime factors of n.
2, 29
Let x(h) = 5*h**2 + 18*h - 45. What are the prime factors of x(-12)?
3, 17
What are the prime factors of -39 - -29 - (-1 + -4404)?
3, 5, 293
Suppose 1 - 36 = -5*p. Let q = p - 8. List the prime factors of (44 - 0)*q/(-2).
2, 11
Let l(h) = 5*h**3 + 4*h**2 + 3*h - 3. Let s be l(2). Suppose -2*b + b + s = 0. List the prime factors of b.
59
Suppose -15*c + 17*c = 0. Suppose c = -4*h + 2*h + 144. List the prime factors of h.
2, 3
Let w(a) = a**2 + 12*a + 40. Let l be w(-4). List the prime factors of -9*2/(l/(-116)).
3, 29
Let o(m) = -3*m - 6. Let c be o(-2). Suppose c = -5*t + b + 1745 - 285, 0 = -2*t + 5*b + 607. What are the prime factors of t?
3, 97
Suppose -4*d = -x - 18464, -294 = -3*d - x + 13547. List the prime factors of d.
5, 13, 71
Let r(h) = -2*h**2 - 3*h + 2. Let i be r(-2). Suppose 92 = -i*w - 4*w. Let g = 32 + w. List the prime factors of g.
3
Let d be 4/3*(6 - 0). Let t be (54/12)/(6/d). What are the prime factors of 1*(26 + t/(-3))?
2, 3
Suppose r = -2*r + 9. Suppose -3*z = -2*z + 3*v - 127, -5*v - 15 = 0. Suppose 3*c = 4*p - z, -5*p - 6*c + r*c + 170 = 0. What are the prime factors of p?
2, 17
Let a(o) = 134*o**2 + 7*o + 10. What are the prime factors of a(-2)?
2, 7, 19
Suppose 4*a - 2*a = 48. Let y be (-6)/4*(-80)/a. Suppose -y*c - 4 = -19. What are the prime factors of c?
3
List the prime factors of 3 + (-2*6)/3 + 802.
3, 89
Let c be (1 + 1)*1816/16. Let r = -103 + c. List the prime factors of r.
2, 31
Let k = 8 - 11. Let j(y) = 6*y - 4. Let c be j(-8). What are the prime factors of 0/k - c/2?
2, 13
Let z = 16 + -6. Let t = 12 - z. What are the prime factors of 0 + t - 48/(-8)?
2
Let u(d) = -d**2 + 6*d + 8 + 2*d**2 - 3. Let i be u(5). Suppose 5*t - 5*w - i = 0, -3*w = -8*w + 10. What are the prime factors of t?
2, 7
Let j = -3 - -4. What are the prime factors of 2 + 132/16 - j/4?
2, 5
Let k = -53 + 53. Suppose k*d - 3*d - 301 = -4*c, 0 = 4*c - 4*d - 304. List the prime factors of c.
73
Suppose -5*s + 1491 = -1364. List the prime factors of s.
571
Let o(i) be the second derivative of -13*i**6/360 + i**4/3 - 2*i. Let n(y) be the third derivative of o(y). What are the prime factors of n(-1)?
2, 13
Suppose -7*a + 166 = -5*a. Let q = a + -25. List the prime factors of q.
2, 29
List the prime factors of 640 - (-4 - -4) - -1.
641
Suppose -2*j + 1383 = -5*j. Let q = j + 706. Suppose -8*s + 4*s = 3*v - 145, 5*v - q = -5*s. What are the prime factors of v?
3, 17
Let l be ((-36)/(-30))/6 - (-1)/(-5). Suppose l = -b + 25 + 52. List the prime factors of b.
7, 11
Suppose -12*c + 4*s + 1493 = -11*c, 4*c = -3*s + 5915. What are the prime factors of c?
1481
Suppose -21*d - 13*d + 17136 = 0. What are the prime factors of d?
2, 3, 7
Let u(d) = 75*d + 17. Let c(a) = -38*a - 8. Let h(v) = 5*c(v) + 3*u(v). What are the prime factors of h(5)?
2, 3, 31
List the prime factors of 85977/99 - (-60)/110.
11, 79
Let m be (-9 + 111)*8/6. Let b = -92 + m. What are the prime factors of b?
2, 11
Let x = -96 - -97. List the prime factors of 630/40 - x/(-4).
2
Let g = -178 - -371. Suppose 0 = -4*c - 5*i + 51 + g, 3*c + 2*i = 183. What are the prime factors of c?
61
Suppose -3*t - 5*q = 33, 3*q - 22 = 2*t - 0*t. Let h = -7 - t. Suppose v + 45 = h*v. List the prime factors of v.
3, 5
Let i = 122 + -85. List the prime factors of i.
37
Suppose 5*k + 0*k = -4*k. Suppose 6*v - 29 - 361 = k. What are the prime factors of v?
5, 13
Let j(q) = -193*q - 513. List the prime factors of j(-17).
2, 173
Suppose -3*l - l + 4*r - 420 = 0, 0 = 4*l + 3*r + 399. Let h = l - -148. List the prime factors of h.
2, 23
Let v(w) = 4*w**2 - 5*w - 4. Let i be ((-30)/4)/(12/(-32)). Let q be (i/25)/((-2)/(-10)). What are the prime factors of v(q)?
2, 5
Let f = 26 + -24. Let l(u) = 47*u - 3. List the prime factors of l(f).
7, 13
Suppose n = -5*n + 12. Suppose 1918 = 4*o + 2*x, n*x - 760 = -2*o + 198. List the prime factors of 1/3 + o/18.
3
Let n(g) be the first derivative of -g**4/4 - 3*g**3 + 13*g**2/2 + 13*g + 8. List the prime factors of n(-11).
2, 7
Let l(f) = 3*f**2 + 11*f + 117. List the prime factors of l(17).
1171
Suppose 2796 + 1076 = 8*k. What are the prime factors of k?
2, 11
Let t be ((-1)/(-3))/((-13)/(-117)). Let c(s) = -6*s**2 + 2 - 2*s**3 - t - 2*s - 3*s. List the prime factors of c(-4).
3, 17
Let t be (-3 - -1)*(7/(-1) + 5). Suppose 0*m = 2*i - m - 6, -t = -2*m. List the prime factors of i.
2
Let z(c) = 78*c - 10. What are the prime factors of z(9)?
2, 173
Suppose -s + 69 = 2*s. Suppose 3*x + s = 2*r - 20, -5*r = -2*x - 25. Let h = x + 28. What are the prime factors of h?
13
Let w(r) = 167*r**2 + 10*r - 10. List the prime factors of w(-3).
7, 11, 19
Let c(x) be the third derivative of -7*x**4/24 - 23*x**3/6 + 22*x**2. List the prime factors of c(-8).
3, 11
Suppose -1423 = -s + 71*f - 67*f, -7157 = -5*s - f. List the prime factors of s.
3, 53
Let y be (1 + (-8)/12)*78. Let c = 28 - y. What are the prime factors of (c - (6 - 3))*-7?
7
Let g = 301 + -58. List the prime factors of ((-10)/(-4) - 2) + g/2.
2, 61
Let w(p) = -11*p + 7. Suppose 0 = -3*s - 0*s - 2*r - 15, 18 = -4*s - 2*r. What are the prime factors of w(s)?
2, 5
Let b(s) be the first derivative of s**2 + 13*s + 1. Let r be b(-5). Suppose -r*f + 180 = 2*f - 5*o, f + o = 34. What are the prime factors of f?
5, 7
Suppose 330 = -0*o + 3*o. Suppose 0 = -m + 5 + o. List the prime factors of m.
5, 23
Suppose -3*o + 6 = -81. Let a = -52 + o. Let m = 5 - a. List the prime factors of m.
2, 7
Suppose z + 2*y - 5*y - 144 = 0, 0 = -5*z + y + 664. List the prime factors of z.
2, 3, 11
Let g(n) = -n**3 + 7*n**2 + 4*n - 22. Let w be g(7). Suppose -w*c = -10*c + 44. List the prime factors of c.
11
Let f = -34 - -36. Suppose f*m - 9 - 1 = 0. List the prime factors of m.
5
Suppose 267*b = 272*b - 4110. What are the prime factors of b?
2, 3, 137
Let s = -7 + 3. Let b be (s - 1)*7/(-5). Suppose 12 = 10*k - b*k. List the prime factors of k.
2
Suppose 4*h - 5*